ide 28288491?
False
Does 1208 divide 1902779992?
True
Is 3075 a factor of 242239275?
True
Is 6392573 a multiple of 38?
False
Does 145 divide 571689969?
False
Does 194 divide 829468922?
True
Does 49 divide 1190455?
True
Is 83739414 a multiple of 33?
True
Is 310 a factor of 10272780?
True
Is 490645355 a multiple of 1709?
True
Is 1313478 a multiple of 3?
True
Is 6313482 a multiple of 42?
True
Is 2208 a factor of 686058720?
True
Is 2460321 a multiple of 879?
True
Is 108 a factor of 34017732?
True
Is 387460241 a multiple of 2856?
False
Is 579 a factor of 12061149?
True
Is 10046179 a multiple of 63?
False
Is 19401256 a multiple of 3?
False
Is 321 a factor of 95090912?
False
Does 871 divide 275517944?
False
Is 83515032 a multiple of 133?
False
Does 16 divide 392456163?
False
Is 963384 a multiple of 1172?
True
Is 52 a factor of 90516177?
False
Is 452295 a multiple of 69?
True
Does 1811 divide 411984390?
True
Is 3805250 a multiple of 310?
True
Is 396493393 a multiple of 1792?
False
Does 6 divide 22885491?
False
Is 278583211 a multiple of 53?
True
Is 15 a factor of 189242896?
False
Is 5 a factor of 19089797?
False
Is 166 a factor of 74539810?
True
Does 11 divide 24967680?
False
Is 120996712 a multiple of 2276?
True
Is 4084 a factor of 247442124?
False
Does 894 divide 155188566?
True
Is 36054032 a multiple of 89?
False
Is 383 a factor of 5359319?
True
Is 139 a factor of 140781009?
False
Is 24852566 a multiple of 47?
True
Is 31088431 a multiple of 11?
True
Is 17 a factor of 92151765?
False
Is 7005984 a multiple of 57?
True
Does 592 divide 10687968?
True
Does 79 divide 49573975?
False
Is 2 a factor of 91850?
True
Is 207000940 a multiple of 63?
False
Does 8 divide 16107923?
False
Does 263 divide 34066103?
False
Is 219695965 a multiple of 1061?
True
Is 42592017 a multiple of 102?
False
Is 3512 a factor of 59166664?
True
Does 3 divide 217847774?
False
Does 59 divide 147818577?
False
Is 8 a factor of 15135488?
True
Does 493 divide 10991435?
True
Is 56 a factor of 304259312?
True
Is 87 a factor of 3408533269?
False
Is 86819799 a multiple of 33?
True
Is 91 a factor of 29542877?
True
Is 11 a factor of 110508376?
True
Is 8564428 a multiple of 55?
False
Is 29545320 a multiple of 204?
True
Is 78254635 a multiple of 18?
False
Is 134 a factor of 21766424?
True
Is 3 a factor of 13278558?
True
Is 98 a factor of 1764785078?
True
Does 3157 divide 67641653?
False
Is 132 a factor of 5523012?
True
Does 40 divide 15179920?
True
Is 1854142474 a multiple of 38?
True
Does 127 divide 33292042?
False
Is 2182800 a multiple of 1605?
True
Is 21176824 a multiple of 23?
False
Is 56950698 a multiple of 61?
True
Does 252 divide 46435449?
False
Does 2227 divide 84835338?
True
Is 18 a factor of 18183366?
True
Does 20 divide 19814670?
False
Is 172017871 a multiple of 96?
False
Does 262 divide 9668324?
True
Is 132009777 a multiple of 9?
True
Is 5 a factor of 1710500?
True
Does 5 divide 63818075?
True
Is 127955510 a multiple of 16?
False
Does 16 divide 80408851?
False
Does 573 divide 19084911?
True
Does 7 divide 2628624222?
True
Does 15 divide 28924938?
False
Is 32886784 a multiple of 56?
True
Is 14827500 a multiple of 90?
True
Does 375 divide 1381151098?
False
Is 504 a factor of 87888528?
True
Is 6931848 a multiple of 308?
True
Is 79210041 a multiple of 2643?
False
Is 23527113 a multiple of 15?
False
Is 28 a factor of 1005274340?
True
Does 18 divide 3677364?
True
Is 147309475 a multiple of 387?
False
Is 87960558 a multiple of 612?
False
Is 16952444 a multiple of 2646?
False
Is 231400151 a multiple of 31?
True
Is 21545894 a multiple of 24?
False
Is 44 a factor of 4547532?
True
Does 6 divide 41721240?
True
Is 51709999 a multiple of 599?
False
Is 41 a factor of 17485924?
False
Does 62 divide 6139027?
False
Does 221 divide 50600823?
True
Is 13523028 a multiple of 94?
True
Is 852 a factor of 39492756?
True
Does 205 divide 86473100?
True
Is 1908200 a multiple of 7?
True
Is 59543382 a multiple of 2128?
False
Does 390 divide 27753179?
False
Does 80 divide 20183495?
False
Is 8 a factor of 184722035?
False
Is 930 a factor of 2195839442?
False
Is 1873644240 a multiple of 565?
False
Is 83 a factor of 294518528?
True
Does 2190 divide 654945780?
True
Does 205 divide 144496300?
True
Is 1137 a factor of 188818591?
False
Does 16 divide 2041941408?
True
Is 21 a factor of 111483420?
False
Is 4490 a factor of 188480926?
False
Is 25906100 a multiple of 50?
True
Is 121620422 a multiple of 14?
True
Does 28 divide 141331876?
True
Is 105 a factor of 6841045575?
True
Does 150 divide 20553150?
True
Does 300 divide 4404682800?
True
Is 1607901552 a multiple of 279?
True
Does 16 divide 106770?
False
Does 410 divide 1633027130?
True
Is 6472484 a multiple of 37?
True
Is 214 a factor of 307404376?
False
Is 9 a factor of 14180974?
False
Is 5644 a factor of 3467278520?
True
Is 1729737813 a multiple of 103?
True
Is 88994069 a multiple of 29?
True
Is 131442342 a multiple of 777?
False
Is 199 a factor of 887465419?
False
Does 28 divide 54530441?
False
Is 187526526 a multiple of 3?
True
Is 26922918 a multiple of 275?
False
Does 6321 divide 255450573?
True
Is 1365509 a multiple of 677?
True
Is 543101389 a multiple of 340?
False
Does 20 divide 92445134?
False
Is 11 a factor of 3642223596?
True
Is 51 a factor of 60647160?
True
Is 488 a factor of 1475581216?
True
Does 1794 divide 199737138?
False
Is 48301143 a multiple of 79?
False
Is 70874964 a multiple of 12?
True
Is 35277042 a multiple of 257?
False
Is 752 a factor of 185829728?
True
Does 131 divide 117918995?
True
Does 17 divide 2747071718?
True
Does 99 divide 922053132?
True
Is 137317546 a multiple of 84?
False
Is 120204549 a multiple of 9?
True
Is 693818453 a multiple of 61?
True
Is 5017720 a multiple of 1195?
False
Does 77 divide 68127290?
True
Does 161 divide 2287327?
True
Is 86 a factor of 815614970?
True
Does 2371 divide 1439197891?
False
Does 298 divide 12314534?
False
Does 20 divide 161457699?
False
Does 126 divide 26711014?
False
Does 164 divide 3428960?
False
Is 1353869370 a multiple of 27?
True
Does 13 divide 24511851?
True
Is 275951946 a multiple of 1104?
False
Does 7 divide 77134673?
True
Is 27247998 a multiple of 47?
False
Does 1001 divide 25264011?
False
Is 31 a factor of 102744881?
True
Does 219 divide 73410864?
False
Is 1630172355 a multiple of 9331?
True
Does 38 divide 679557?
False
Is 96920346 a multiple of 354?
False
Is 4 a factor of 39557902?
False
Is 18 a factor of 75757122?
True
Does 2894 divide 519857902?
True
Is 60 a factor of 559761960?
True
Is 60824139 a multiple of 93?
True
Does 834 divide 8003744?
False
Is 392188470 a multiple of 2197?
False
Does 713 divide 160004685?
False
Does 126 divide 62995030?
False
Is 602412 a multiple of 12?
True
Is 2 a factor of 92024024?
True
Is 57 a factor of 317332462?
False
Does 34 divide 56151680?
True
Does 28 divide 57354662?
False
Does 19 divide 3808094?
True
Does 21 divide 629991369?
True
Is 2352922650 a multiple of 3302?
True
Is 24 a factor of 176412301?
False
Is 11 a factor of 237755089?
True
Is 150 a factor of 618208615?
False
Is 420608700 a multiple of 36?
True
Is 988 a factor of 211086509?
False
Is 14 a factor of 3369870?
True
Does 28 divide 170630768?
True
Is 1572 a factor of 225822516?
True
Is 47023508 a multiple of 1484?
True
Does 4 divide 4058607?
False
Is 20 a factor of 41711573?
False
Does 405 divide 126977370?
False
Is 956 a factor of 85533320?
True
Is 552611639 a multiple of 12?
False
Is 4 a factor of 15669604?
True
Is 591 a factor of 73661223?
False
Is 6201723 a multiple of 11?
True
Is 297057919 a multiple of 231?
False
Is 9 a factor of 3550221001?
False
Is 4 a factor of 3776820?
True
Is 14586652 a multiple of 159?
False
Is 315 a factor of 679180635?
True
Is 624 a factor of 2752487088?
True
Does 159 divide 305573673?
True
Is 135832763 a multiple of 23?
False
Is 33 a factor of 150569811?
False
Is 603839051 a multiple of 22?
False
Is 2831 a factor of 24021553?
False
Does 109 divide 77889656?
True
Is 55 a factor of 1293651975?
True
Is 9 a factor of 17990577?
True
Is 776617777 a multiple of 34?
False
Is 15795626 a multiple of 1134?
False
Is 954 a factor of 241459308?
True
Is 289385424 a multiple of 2448?
True
Is 4 a factor of 272623707?
False
Is 2579 a factor of 236470601?
False
Is 28262466 a multiple o